isor of i and 7116.
12
Let o = -44 + 51. Suppose -j = -o + 5. Suppose 4*a = -4*t + 117 - 41, -j*t - 42 = -2*a. What is the greatest common factor of 5 and a?
5
Suppose 0 = -22*n - 18*n + 34*n. Suppose n = -3*t - 4*q + 101, -2*t = 3*t - 3*q - 207. What is the highest common divisor of 12 and t?
3
Let c(q) = q**3 - 9*q**2 + 9*q + 4. Let y be c(8). Suppose 2*v = k + 742, -3*v + 0*k + 1118 = k. Calculate the highest common factor of v and y.
12
Let f(s) = 19 + 56*s**2 - 57*s**2 - 12*s - 3*s + 67. Let t be f(-19). What is the highest common factor of 195 and t?
5
Suppose -136*b - 3325 = -5*p - 131*b, 2*p = 5*b + 1330. Calculate the highest common divisor of 1045 and p.
95
Let j be ((-2)/4)/((-6)/24). Suppose 8*p - j*p = 4*p. Suppose 2*s = -p + 16. Calculate the highest common factor of 56 and s.
8
Suppose 0 = a + 3*k - 60, -148*a + 2*k = -146*a - 160. What is the greatest common divisor of a and 335?
5
Suppose l - 5*p - 2744 = 0, 4*l - 4646 - 6216 = p. What is the greatest common divisor of l and 46?
46
Let g(h) = -h**2 - 35*h + 1463. Let w be g(23). Calculate the greatest common divisor of 688 and w.
43
Suppose 1416 = -15*w + 3*w. Let i be w/(-5) + 10/25. Calculate the greatest common divisor of i and 18.
6
Suppose 3*h + n = 31 + 14, -5*n = -2*h + 30. Let u = 207 - 102. Suppose 0 = 2*o - 3*o + u. What is the highest common factor of o and h?
15
Let r(b) = 40*b**2 - 37*b + 17. Let n be r(2). What is the greatest common divisor of 13390 and n?
103
Let z be 6 - -28*2/(-8). Let h(d) = 14*d**2 - 4*d + 2. Let m be h(z). Suppose q = 3*c + 1, q - 62 = -4*q - 4*c. What is the highest common divisor of q and m?
10
Suppose -11 = -2*z + 2*i + 3, -5*z - 3*i + 19 = 0. Suppose -3*o + 1353 = 3*q, 0*o - 937 = -2*o + z*q. Calculate the highest common factor of o and 24.
24
Suppose -22*p + 7888 = -14*p. Suppose 36*k - 53*k + p = 0. What is the highest common divisor of 928 and k?
58
Let k = -71 + 134. Suppose 12 = 15*d - k. Suppose 2*y - 120 = -y. Calculate the highest common factor of d and y.
5
Let g(i) = i**2 - 33*i + 362. Let b be g(20). Calculate the highest common factor of 3162 and b.
102
Let y = 34 - 4. Suppose y = -3*p + 123. Suppose -23*l - 2232 = -p*l. What is the greatest common factor of 31 and l?
31
Suppose 6*j = 43 + 5. Suppose -10*t = j*t - 16758. What is the highest common factor of 19 and t?
19
Let n = 2353 + -2335. Calculate the greatest common factor of 72 and n.
18
Let d(p) = p**2 - 881*p + 40794. Let w be d(49). Let t(h) = -h**2 - 3*h + 4. Let y be t(-3). What is the highest common divisor of w and y?
2
Let j be 1 + -4 + 6 - -39. Let r(o) = -3*o**2 + 20*o. Let f be r(6). What is the greatest common divisor of f and j?
6
Let r = 172 - 153. Suppose r = -n + 109. Calculate the highest common divisor of n and 54.
18
Let g(x) = x**2 + 2*x + 5. Let r be g(0). Let b = r + 5. Let p be (b/(-2))/(7/(-56)). Calculate the highest common factor of 16 and p.
8
Let h = 864 + -594. Suppose 0 = -2*y, -21*y + 19*y = -c + h. Calculate the greatest common factor of 9 and c.
9
Let s = 46 + -26. Let m(q) = -q**2 - 16*q + 17. Let b(z) = 2*z**2 - 55*z - 37. Let h be b(28). Let p be m(h). What is the highest common factor of p and s?
20
Let q be (113 + -212)*(-2 - (-1 - -16)). What is the greatest common divisor of q and 72?
9
Let t be 6 + 335 + 9/1. Let g be 2 + -2 + 7/1. What is the highest common divisor of t and g?
7
Let m be (-2)/9 - (-2 - (-120)/(-54)). Suppose m*j - 19 = 3*j. What is the greatest common factor of j and 95?
19
Let z(t) = -t + 37. Let a be (-8)/(16/6)*1. Let q be z(a). Calculate the greatest common factor of 32 and q.
8
Let s(q) = 121*q + 6974. Let w be s(-54). What is the greatest common divisor of w and 120?
40
Let u be (-4)/7 + (-9)/((-630)/880). Suppose 2*x - 3*g - 57 = 0, 5*g - 9*g = u. Let h(z) = 2*z - 6. Let j be h(6). What is the highest common factor of j and x?
6
Let k(b) = 29 + b**2 - 39*b - 1 + 25*b. Let m be k(12). Let l(v) = -v**3 - 5*v**2 + 5*v - 2. Let c be l(-6). Calculate the highest common divisor of c and m.
4
Let g = -3155 - -3183. What is the greatest common factor of 192 and g?
4
Let g be (-8)/20*(1 - 11) + 436. What is the greatest common divisor of 320 and g?
40
Suppose -3*f = -0*f - 156. Let h = 1203 - 1151. Calculate the greatest common divisor of h and f.
52
Let v(k) = -29*k + 4. Let l be v(-4). Suppose -44 = 32*f + 276. Let z = f + 25. What is the highest common factor of z and l?
15
Suppose 2*j + 5*m = 39, -2*j - 6 = 2*m - 54. Let s(x) = 2*x - 52. Let i be s(j). What is the greatest common factor of i and 62?
2
Suppose -126*w + 243*w = 3201 - 744. Suppose -4*o = -3*c - 3, 0 = -5*c - 3*o - 2*o - 5. Let x be (-15 - c)*(-2)/4. What is the highest common factor of w and x?
7
Let p(c) = -12*c + 76. Let k be p(6). Suppose 0 = 4*j - 1 - 7. Suppose 4 = -j*r, k*s + 5*r = r + 48. What is the greatest common factor of s and 35?
7
Let n be (1 + -43)/(((-18)/4)/3). Let d(i) = 2*i + 26 - 158*i**2 + 159*i**2 + n. Let w be d(0). What is the highest common divisor of w and 6?
6
Let w be -120*(-40)/36*15/25. Let z = 88 - w. Let o be 4/14 + (-444)/(-14). What is the greatest common factor of o and z?
8
Let p(b) = 3*b + 175. Let a be p(-56). Suppose 0 = 4*f - 15 - 9. Let s be 46/f - (-2)/(-3). What is the highest common divisor of a and s?
7
Let t(h) = 64*h + 5034. Let d be t(-78). Calculate the greatest common factor of 24654 and d.
42
Suppose -75 = -5*d + 195. Suppose -3*i + d = -3*g + 4*g, -270 = -5*g + i. Suppose -5*w = -2*w - g. Calculate the greatest common divisor of w and 9.
9
Suppose -2*n = 2, -320*o - 743 = -324*o - 5*n. What is the greatest common factor of o and 17204?
187
Suppose -152 = 4*x - 204. Let a be 1418/6 - (8/6 - 2). Suppose -x*l + a + 88 = 0. What is the greatest common factor of 15 and l?
5
Let v(p) = -223*p - 15708. Let c be v(-72). Suppose m = -3*m - 2*q + 52, 2*m - 22 = q. What is the highest common divisor of c and m?
12
Let b(p) = -52*p**2 - 169*p - 44. Let y be b(-1). Let w be 1166 - (-2*1)/1. What is the greatest common divisor of w and y?
73
Suppose -11*l = l - 204. Let s(i) = i**2 - 15*i - 21. Let n be s(l). What is the highest common factor of 403 and n?
13
Let m = -273 + 248. Let k be (-74)/(-6) - 3 - m/15. Calculate the highest common divisor of k and 11.
11
Suppose -5*y = 7*g - 84, -g - 5*y + 12 = -2*y. Calculate the highest common divisor of g and 316.
4
Let i(t) = t**2 + 5*t + 28. Let w be (-39)/(-18)*3*(-1 - 1). Let k be i(w). What is the highest common factor of k and 36?
12
Let q(s) = 84*s - 918. Let g be q(11). Calculate the highest common factor of 837 and g.
3
Let y = 5580 + -5524. What is the highest common divisor of 217 and y?
7
Let w(r) = -r**2 - 29*r - 68. Let u(n) = 2*n**2 + 19*n + 4. Let m be u(-8). Let t be w(m). Calculate the greatest common factor of t and 14.
14
Suppose 5*i + 2*j = 504, -j - 514 = -12*i + 713. Calculate the highest common divisor of 195 and i.
3
Let w(l) = 50*l**2 + 51*l + 91. Let y be w(-5). Calculate the highest common divisor of 6 and y.
6
Suppose -27*n - 23 = -239. Suppose n*y - 5*y = -4*p + 20, 0 = y. Calculate the highest common divisor of 155 and p.
5
Let i = -95 + 97. Suppose 3*x - o = 84 + 24, -i*x + 72 = 2*o. Calculate the greatest common factor of x and 288.
36
Suppose 5*g = 4*j + 1924, -10*g = -15*g - 2*j + 1948. Let i = -385 + g. What is the greatest common divisor of i and 327?
3
Let m(d) = -12*d + 21. Let i be m(2). Let b be i/(-5) - (-13041)/115. What is the greatest common factor of 152 and b?
38
Suppose j = p - 26, -4*p + 0*j + 3*j = -106. Let a = 375 + -291. Calculate the highest common factor of p and a.
28
Let x(r) = -2*r - 8*r**2 - 55 + 9*r**2 + 5*r + 9*r. Let b be x(-23). Calculate the highest common factor of b and 18.
18
Suppose -80*q + 945 = 109*q. Calculate the highest common factor of q and 2545.
5
Suppose 0*b - f = -b + 55, 5*b + 3*f = 283. Suppose -b*m = -54*m - 32. Let n = 38 + -30. What is the greatest common factor of n and m?
8
Suppose 32*r = 272 - 176. Calculate the highest common factor of r and 863.
1
Let l = -131 - -139. Suppose -l*p = -14*p + 66. What is the greatest common factor of p and 198?
11
Let r be ((-175)/15 - -4)/(((-50)/(-60))/(-5)). Calculate the highest common divisor of 16 and r.
2
Suppose -b - 3*z + 1 = -5, 